 b be (0 - -2)*(-1)/(-2)*-1. Is (-2)/6*((5 - 2878) + b) composite?
True
Let a(w) be the third derivative of -w**5/60 + w**4/8 - w**3/3 + 3*w**2. Let t be a(2). Suppose -331 = -2*i + 3*f, -2*i + f + t*f + 321 = 0. Is i prime?
False
Let c(i) = 402*i - 13. Is c(8) a prime number?
True
Is (-51 + 49)*1381/(-2) composite?
False
Suppose 2*g = -5*g - 280. Let a be (-1 - -1)/(g/(-20)). Is (-1 - a)/(7/(-413)) prime?
True
Let b = 30 + -31. Is (7136/4)/4*b/(-2) a composite number?
False
Let i be -51 + 2 + (2 - 2). Let y = 77 + i. Let d = -3 + y. Is d composite?
True
Let i be -2 + -2 + 9 - 2. Suppose y - 29 = -3*m, 2*y + y = -i. Is m a composite number?
True
Suppose -3*b + b = 2*f, 10 = -f + b. Let h be (-9)/(15/f) - -879. Is (-2)/(-10) + h/15 composite?
False
Let f = -8 + 8. Suppose 5*t - 1 - 4 = 0. Is 95 + (f - 3) + t a composite number?
True
Let g(m) = m**3 + 10*m**2 + m + 13. Let b be g(-10). Suppose b*f - 200 = -r, 292 = 7*f - 3*f - 5*r. Suppose d = -d + f. Is d a prime number?
False
Let s(y) = 7*y**3 - 23*y**2 + 2*y + 19. Let a(p) = -15*p**3 + 47*p**2 - 4*p - 37. Let w(i) = 6*a(i) + 13*s(i). Is w(17) a composite number?
False
Is (-14)/(-35) + 11183/5 prime?
True
Suppose -14*a - 15 = a. Let u(l) = 376*l**2 - 5*l - 4. Is u(a) a prime number?
False
Let o = -20847 - -29348. Is o prime?
True
Let f(a) = 2*a**2 - 11*a - 12. Let b be f(10). Let n = b - -107. Is n a prime number?
False
Let g(u) = -169*u**3 - 2*u**2 + 2*u. Let x be g(-4). Let p = x - 7573. Is p composite?
False
Is (-5 + -19797)*(-4)/8 a prime number?
True
Let g = -1821 + 3494. Is g a prime number?
False
Let l(d) be the first derivative of 37/3*d**3 - 2 - 1/2*d**2 - d. Is l(-1) a composite number?
False
Suppose -1303 = 3*f + 1808. Let q = -646 - f. Is q a composite number?
True
Let j(q) = 44*q**2 + q. Let v(z) = -z**3 + z**2 - z. Let a be v(1). Let s be j(a). Let r = s - -84. Is r a prime number?
True
Let z = -46582 + 90237. Is z prime?
False
Let r = 62 + -62. Suppose i = -r*i + 649. Is i a composite number?
True
Suppose -2*l + 19 = 5*s, s - l + 0 = 1. Suppose -5*h = -3*c - 25, -3*h = h + c - s. Suppose 5*r + 2*o - 591 + 20 = 0, 2*r - 232 = -h*o. Is r prime?
True
Let q(n) = -14*n**3 + n**2 + 10. Let y be q(-5). Suppose 3*g - 12591 = y. Suppose 0 = 5*t - g + 407. Is t composite?
False
Suppose 0 = -3*f + 5*s - 10977 + 34312, f = 2*s + 7778. Suppose 0 = 4*n - 0*n - f. Is n composite?
True
Let d be (-1)/(-3) - 0 - 8/(-3). Suppose -3*s - 245 = -l - 45, -d*s = 15. Is l composite?
True
Is 101374/13 - (0 - 2 - -1) a composite number?
True
Suppose 725777 - 2830211 = -18*r. Is r composite?
True
Let s(a) = a**2 - 14*a + 5. Let d be s(14). Let x = 2 - d. Is x + 0 + (218 - -6) a composite number?
True
Let k(a) = -a + 1. Let s(d) = 12*d - 10. Let y(p) = -10*k(p) - s(p). Let g be y(0). Suppose -2*c + 166 - 36 = g. Is c composite?
True
Suppose 0 = -3*q - 102 + 9. Let b = 66 - q. Is b a prime number?
True
Let z be (-3)/9*(-2 + 77). Let c = z - -28. Let k(y) = 29*y**2 - y + 7. Is k(c) a prime number?
False
Suppose -3*a - 13810 = -13*a. Is a a composite number?
False
Suppose 5 = -2*g - 205. Let x be (-2)/((-309)/g - 3). Let n = x - 9. Is n composite?
True
Let p = -3792 - -2224. Let m = p + 2481. Is m composite?
True
Suppose 4*a - 59888 = 4*n, -4*n - n = 3*a - 44892. Is a composite?
False
Let x = -271 + 1280. Is x prime?
True
Let t(c) = 2*c + 6. Let r be t(-3). Suppose r = d - 3*d + 328. Suppose -i - 3*a + 82 = -0*a, 0 = 2*i + 2*a - d. Is i a prime number?
False
Let o be 7062/(-12) - (-1)/2. Let c be o/5*(-15)/3. Suppose c = 3*p - 1467. Is p composite?
True
Let o(j) = j**2 + 4*j + 1. Suppose 0 = -28*h + 33*h + 65. Is o(h) prime?
False
Suppose -s - 3*s = -4*g - 30524, g = -5*s + 38131. Is s composite?
True
Let t be 1/(-4) + (-429)/44. Let m be (-12)/t*(-70)/(-28). Suppose -4*p - m*p = -3143. Is p a composite number?
False
Suppose v - 323 - 186 = -b, 1039 = 2*b - 5*v. Suppose -5*u - b = -u. Let k = u + 315. Is k prime?
False
Suppose 2*v - 6*v = -24376. Suppose v = -5*a + 7*a. Is a prime?
False
Let g(k) = 8*k**2 - 5*k + 2. Suppose -2*c = -6 - 0. Let d be g(c). Let n = 150 + d. Is n prime?
False
Let t be 263 - (-1 + (-2)/(-2)). Let p be ((-4)/(-2))/((-2)/(-4)). Suppose g = p*u - u - t, 5*u = -3*g + 429. Is u composite?
True
Suppose 6*p - 22 = 2. Suppose 0 = -5*i + p*t + 22461, -4*i = -i + 4*t - 13483. Is i a composite number?
False
Let i(x) = -548*x - 5. Suppose 0 = 6*q + 2*q + 16. Is i(q) a composite number?
False
Let g be 16362/14 + (-16)/(-56). Let z = g + -412. Is z a prime number?
True
Let l = 43413 + -21766. Is l prime?
True
Suppose 4*q - 4*j + 6*j = 68118, 0 = 5*q - 5*j - 85110. Is q prime?
True
Suppose 10 - 18 = -4*x. Suppose -1618 = -5*d + g, x*d + 81 = 2*g + 733. Is d prime?
False
Let p = -13 + 16. Let f be p/(-2*(-4)/296). Let i = f + -22. Is i prime?
True
Let x = -8164 - -13757. Suppose g + 3*g - 2784 = -2*u, -4*u - 3*g + x = 0. Is u a prime number?
False
Let d(b) = -2547*b - 323. Is d(-18) prime?
True
Suppose 2*h - 3 = 1. Suppose -h*q = q - 15. Let c(f) = -f**2 + 9*f - 6. Is c(q) composite?
True
Suppose 4*g + 6*l - 11*l - 99006 = 0, -3*g - 4*l + 74239 = 0. Is g a composite number?
False
Suppose 4*m + 32 - 172 = 0. Is m composite?
True
Suppose 4*k + 0*k = 120. Let f = -16 + k. Is f composite?
True
Let s be ((-54)/1)/(-2 - (-14)/4). Is 3 + (-6)/s + 8038/12 a prime number?
True
Let w(z) = 1805*z - 34. Let m be (18/(-24))/(-3 + 44/16). Is w(m) a composite number?
False
Suppose -15471 = -5*z - 4*z. Suppose -5*u - 4*u = -z. Is u a composite number?
False
Let x(v) = 2*v - 13. Let c be x(9). Suppose 0*z - c*z = -8395. Suppose -r - 2*r = -2*m - z, 4*r - 2*m - 2236 = 0. Is r a prime number?
True
Let f(g) = -706*g + 219. Is f(-7) composite?
True
Is (74246/4)/((-1)/(-8)*4) composite?
False
Suppose 16*i - 21*i = -2435. Is i a composite number?
False
Let u(i) = i**2 + 6*i - 5. Let q be u(-6). Suppose -4*v + 0*v + 3*t + 2181 = 0, 5*v = -t + 2750. Is v/15 - 2/q a prime number?
True
Let h be ((-2)/12)/(2/(-12)). Suppose -2*y - 1 = -5*i, i - h + 4 = 2*y. Suppose -y*s = -3*z - 3*s + 388, 398 = 3*z - s. Is z prime?
True
Let l be (-7)/2*(-56 - -2). Let i = l + 110. Is i composite?
True
Suppose 53*y - 49*y - 16444 = 0. Is y prime?
True
Let a(r) = -r**3 + 8*r**2 + 9*r + 2. Let z be a(9). Suppose -z*v - 2094 = -4*v. Suppose -2822 + v = -5*t. Is t a prime number?
False
Let o(k) = 36*k**2 - 1. Let c(y) = y**2 + 4*y + 5. Let z be c(-3). Is o(z) a prime number?
False
Let y(b) = 25*b**2 - b + 11. Let x be 4 + 0/((-4)/2). Is y(x) a composite number?
True
Let x = 2612 + -949. Suppose -6*r = -5635 + x. Is r a prime number?
False
Let l be (-7 - -9)*(-4082)/(-4). Let y = l + -3709. Is (-10)/(-3)*y/(-8) composite?
True
Suppose 10 + 26 = p - 4*c, 90 = 5*p - 2*c. Let n(y) = 29*y - 12. Let d be n(p). Suppose -d = 3*k - 7*k. Is k a composite number?
False
Let i(r) = -99*r + 10. Is i(-17) composite?
False
Let s(l) = -2*l**3 - 36*l**2 - 74*l - 89. Is s(-22) a composite number?
True
Let i(a) = 10*a + 1. Suppose 0 = 3*v - 5*v - 4*l - 6, 5*l = -2*v - 10. Let t = 4 + v. Is i(t) prime?
False
Let n = 18 + -15. Suppose 72 = 3*h + n*h. Suppose -h*l = -9*l - 1491. Is l a composite number?
True
Suppose v - 4*m - 1289 = 0, -v + 3*m + 1839 - 550 = 0. Suppose 7*t - 11*t + 5*n + 1046 = 0, 5*t + 3*n = v. Is t composite?
True
Suppose -797 = -g - 2*c, -g - 10*c + 822 = -13*c. Is g composite?
True
Let c = 31477 + -10688. Is c a composite number?
False
Is ((-1)/(-6))/(31/271374) prime?
True
Suppose 2*r = -2*r - 4. Is (9 + (r - 1))*17 composite?
True
Let z(o) = -o**3 + 8*o**2 + o - 3. Let v be z(8). Let i = 2 - v. Is (-3 - 2)/(i/21) composite?
True
Suppose z + 6*u - 4*u + 439 = 0, -2*z = u + 863. Let p = 1615 + z. Is p prime?
False
Suppose 132 = 3*r - 42. Suppose 0*p + p = r. Is p prime?
False
Let c(o) = -477*o**3 - 9*o**2 - 9*o - 4. Is c(-5) a composite number?
False
Let q(f) = 2799*f + 148. Is q(5) composite?
False
Suppose 41*y - 26168 = 33*y. Is y a prime number?
True
Let j(h) = 217*h - 364. Is j(5) a composite number?
True
Let n be (((-1848)/(-9))/(-8))/(2/(-222)). Suppose -3*p = -l - 4516, 5*p - 3*l - n = 4671. Is p composite?
True
Suppose -7 - 5 = -2*b. Let a(f) = 2*f**2 - f - 7. Let d be a(b). Let y = 126 + d. Is y prime?
False
Let b(g) = 1555*g - 28. I